) a prime number?
False
Let l = 3 - 5. Suppose 0 = 4*t + 3*y + 520, t - y = -5*y - 143. Is t*3/(l - 1) composite?
False
Suppose 2286 = 20*x - 14*x. Is x prime?
False
Suppose -2*j - 2 = -2*q, 0 = -q + 10*j - 11*j - 1. Is 8/28 - ((-46836)/28 + q) composite?
True
Suppose 0 = -4*p - j + 227 - 27, 0 = -5*p - 3*j + 243. Suppose -w + p = -5*o, 0*w + 2*w - 50 = -3*o. Is w a prime number?
True
Let k be (-3 - 16677/6)*(2 - 4). Let y = k + -3004. Is y a prime number?
False
Suppose -j - 2*n - 354 = -4*j, 0 = 5*j + 2*n - 574. Suppose -j = 2*m - 702. Is m prime?
True
Let l = 20 - 14. Suppose 0 = -2*h + l*h - 13484. Is h prime?
True
Let o = -32 + 49. Let q(c) = o + 11*c + 3*c - 2. Is q(14) composite?
False
Suppose 7 = -3*m + c - 3, -12 = 5*m - 4*c. Let p(z) = -z**2 - 5*z - 2. Let k be p(m). Is 192 + 1 + -4 + k composite?
False
Suppose -4*d = -11*d + 149933. Is d prime?
True
Suppose 0 = 37*s - 102415 - 259186. Is s a composite number?
True
Suppose -1 = -f - 2, 82471 = 5*n + 4*f. Is n composite?
True
Suppose 0 = 4*s + 5*n + 2, 0 = -2*s + 5*n - 2*n + 10. Suppose -2*p - 3*p = -o + 23, -3*o + p + 13 = 0. Is (225 + -1)/s - o prime?
True
Suppose 3*t = -5*n + 13818, -t - 2*t = 4*n - 13815. Is t composite?
True
Let k be ((-7)/(-6))/7 + 6415/30. Suppose 5*h - k - 781 = 0. Is h composite?
False
Suppose -15*s = -14*s - 115. Let y = s + 94. Is y a prime number?
False
Let u(s) = s**2 - 59*s - 1 + s**2 + 62*s. Is u(-12) a prime number?
True
Let h = 36542 - 22023. Suppose 7*x = -610 + h. Is x a composite number?
False
Suppose 786887 = 12*k + 287123. Is k prime?
True
Let o be 12/18*(-15)/(-2). Suppose -3*j = -2*h + 52, 5*h - 8*h + 5*j = -80. Is 106/o - 4/h prime?
False
Let d be 2*(-6)/(-4) - 1. Suppose 13 - 3 = d*m. Suppose 0 = -4*j + 3*x + 88 + 109, -m*j = x - 270. Is j a composite number?
False
Let o(n) = 2582*n**3 + 2*n**2 - 8*n + 5. Is o(1) a composite number?
True
Let z = 13083 - 4562. Is z a composite number?
False
Suppose -3*h + 5*v = -20, 4*v + 1 = 3*v. Suppose -h*a + 3*c + 14168 = 0, a = 5*c + 2113 + 725. Is a prime?
True
Let r = 97 + 1. Suppose 967 = x + r. Is x composite?
True
Suppose 0 = b - 4 - 18. Let h = b + -40. Is (-2775)/(-27) - 4/h composite?
False
Let g(f) = -f**3 - 13*f**2 - 24*f - 7. Let v be g(-11). Suppose -v*q + 627 = -12*q. Is q composite?
True
Let i(s) = -25*s**2 - 4. Let l(g) = -8*g**2 - 1. Let m(u) = -4*i(u) + 11*l(u). Is m(-3) prime?
True
Let h(u) = -736*u - 6. Let s be h(-4). Suppose k + 2*d = 590, -4*d + s = k + 4*k. Let b = k + -205. Is b a composite number?
True
Suppose 0 = k + 2*c - c, -27 = 4*k - 5*c. Let z be (-15 - k)*(-6)/9. Is (-4)/16 - (-170)/z a composite number?
True
Let q(k) = -13*k**2 - 6*k + 16. Suppose 55 = -2*g - 3*g. Let r be q(g). Is r/(-2) + 1/(-2) a prime number?
False
Let u = 17325 - 9518. Is u prime?
False
Suppose 112197 - 27051 = 6*t. Is t composite?
True
Suppose -j = -2*l, 5*j - 10 = 2*l + 3*l. Suppose 1478 = 2*y + l*q, 7*q - 3*q + 714 = y. Is y a prime number?
False
Let m(l) = 32*l + 21. Let r be m(16). Suppose 0 = -7*x + 748 + r. Suppose -76 = -y + x. Is y composite?
True
Suppose 36*k = -77*k + 253798. Is k a composite number?
True
Let y(h) = 6*h - 24. Let w be y(-8). Let b = 1775 + w. Is b prime?
False
Is (-25526)/4*1*(-17 + 15) composite?
False
Let a(n) be the second derivative of -6*n**3 - 3*n**2 - 4*n. Let u be a(6). Let d = u - -328. Is d a prime number?
False
Suppose -36*g = -48*g + 20508. Is g a composite number?
False
Suppose 64 = -2*p - 3*q, -2*p + 4*q - 64 = -0*p. Let u be (p/(-3))/(5/30). Let l = u + 85. Is l composite?
False
Suppose -12*x + 73602 = 24270. Is x composite?
False
Suppose -2*l = c - 13, -4*c - 5*l + l = -36. Suppose -c*r = -3*r - 1006. Is r composite?
False
Let l = -12 - -16. Suppose l*n - 6*n + 98 = 0. Is n composite?
True
Let z(v) = 7*v**3 - 7*v**2 - 8*v - 1. Let a be z(7). Suppose 5*l + 2*g - 5013 = 0, 2*l + 3*g = -2*g + a. Is l a prime number?
False
Suppose -2*l + 23 = 3*u, -5*l + 26 = 4*u - 0*u. Let a(j) = 35*j + 4. Let n(t) = -175*t - 20. Let z(w) = 11*a(w) + 2*n(w). Is z(u) a prime number?
False
Let x = -53 + 53. Suppose -9*g - 3*g + 26436 = x. Is g prime?
True
Suppose -24*n + 15158 + 6394 = 0. Is n composite?
True
Let o = -11888 - -36801. Is o prime?
False
Let c(j) = 36*j**2 + 47*j - 56. Is c(-25) a prime number?
True
Suppose -332399 = -14*i - 44797. Is i a prime number?
True
Suppose -65 = -5*s - 0. Suppose 5*v - 57 = s. Let i(t) = t**3 - 11*t**2 - 2*t - 7. Is i(v) composite?
True
Suppose -4*f + 4*i - 3968 = 0, -4*i - 2175 = 4*f + 1761. Let z be f*(-3 + (-1)/(-2)). Suppose -7*y - 5*u + z = -2*y, 2*y = 4*u + 970. Is y a composite number?
False
Suppose 4*c + i = 2*i + 18596, 2*c + 2*i - 9298 = 0. Let y = c - 652. Is y composite?
True
Suppose 6*y - 15 = 15. Is 674*(y/2 - (-4)/(-2)) a composite number?
False
Suppose 0 = -a + 4*a - 36. Let w be 56/a*(-18)/(-21). Is ((-628)/8)/((-2)/w) a composite number?
False
Is 62036/208 + (-6)/(-8) a prime number?
False
Let a(c) = -c**3 - 5*c**2 + 7*c + 10. Let u be -3 - (0 - (1 + 2)) - 8. Is a(u) a prime number?
False
Let t = 90 + -70. Let d = 2 - 0. Suppose -4*g - t = 0, 2*k - 28 = -d*g - 0*g. Is k prime?
True
Let h(u) = 29*u**2 - 6*u + 4. Let t be h(4). Suppose -b = 2*b - 5*r - 272, 0 = 5*b + r - t. Suppose -6*p + b = -5*p. Is p composite?
False
Let s be (144/40)/((-3)/10). Let r = 12 + s. Suppose -5*w - 3*j = -779, r*j - 3*j - 163 = -w. Is w composite?
False
Let w be 0 + -2 + 168/6. Suppose -4*z + w = 6. Suppose -z*s - 3*f + 361 = -130, 0 = s - 4*f - 89. Is s a composite number?
False
Suppose -4*i - 3*h + 31160 = 1173, 0 = h - 5. Is i composite?
True
Let m(j) = -j - 10. Let u(c) = -10*c. Let l be u(1). Let k be m(l). Suppose -r = -k*r - 53. Is r composite?
False
Let u(g) = -491*g + 9. Let a be u(-9). Suppose 0 = 5*d - a - 10627. Is d composite?
False
Let c = 12 + -5. Let m be 1/(-3 + 20/c). Is 2/m + (-1100)/(-28) prime?
False
Suppose -7099 = 235*n - 239*n + 3*i, 2*i = -3*n + 5337. Is n composite?
False
Let f(i) be the first derivative of i**4/2 - 13*i**3/3 - 8*i - 1. Let q be ((-12)/8)/((-1)/6). Is f(q) a composite number?
False
Suppose 1750 = c + 207. Is c prime?
True
Let o(m) be the third derivative of m**6/120 + m**5/15 + m**4/12 + m**3/3 - 11*m**2. Let c be o(-7). Let w = c - -226. Is w a prime number?
True
Let k = -3683 + 6817. Is k composite?
True
Suppose 4*k - 3 = k. Let u(m) = 4*m + 5*m - k - 7*m. Is u(12) a prime number?
True
Let h = 135 + -131. Suppose 1869 = -h*u + 7*u. Is u a composite number?
True
Let w(i) = -4*i - 5*i**2 + 25*i**2 - 7 + 6 + i. Is w(-4) composite?
False
Let r = 6743 - 11882. Let c = r - -8900. Is c prime?
True
Suppose 5*l - 224 - 1 = 0. Suppose -3*f = a - 145, -3*a = 4*f - 480 + l. Is a composite?
True
Let t = -9286 + 63809. Is t composite?
True
Let b be 70/2*(24/(-20))/3. Let l(f) = -f**3 - 16*f**2 - 31*f - 5. Is l(b) composite?
False
Let f be 2/(-6) + (-3207)/(-9). Suppose 4*g - 2*g + 4 = 2*d, d = 5. Suppose x - f = -g*x. Is x a prime number?
True
Let u(b) = 6*b**3 - 11*b**2 + 30*b + 13. Is u(10) prime?
False
Let l(d) = -220*d**3 + 3*d**2 + 14*d. Is l(-5) prime?
False
Suppose -9*v + 0*v = 41787. Let s = -1858 - v. Is s composite?
True
Suppose 0*k = 5*k - 125. Suppose k = -5*g, -5*g + 78 = 3*f - 74. Is f a prime number?
True
Let h(g) = 11*g**2 + 2*g. Let q be h(4). Suppose -3*d = d + q. Let k = d + 755. Is k a composite number?
False
Suppose 3*v - 2*o - 130058 - 49869 = 0, 2*o - 59965 = -v. Is v a prime number?
False
Suppose 0*x = 4*x - 4*t + 1992, 4*t = -2*x - 1002. Let z = 2283 - 1203. Let i = z + x. Is i composite?
True
Let n = 20 + 8. Is 166 - n/7 - (0 + -1) composite?
False
Let d(k) = -11*k + 2. Let s be d(-10). Suppose -543 = -5*n + 2*m + m, s = n - 4*m. Suppose -5*x + 4*r + 285 = n, 4*r - 8 = 0. Is x a composite number?
False
Is (735994/(-7))/(-4 + 2) prime?
True
Suppose u - 4 = -0*u - 2*a, -2 = -a. Suppose u = 4*t - 3*b - 770, b - 5*b = 8. Is t a prime number?
True
Let d(m) = 11*m**2 + 10*m + 14. Let i be d(-8). Suppose -3*f - 375 = -2*r + i, -4*f = 3*r - 1545. Is r a composite number?
True
Let q(u) = 143*u. Let a(x) = 285*x - 1. Let w(f) = 3*a(f) - 5*q(f). Is w(4) a prime number?
True
Let f = -36 - -7545. Is f prime?
False
Is (-211360)/(-128) - 2/8 composite?
True
Suppose -25410 + 2555 = -v - 3*p, -2*v - 2